{"id":1553,"date":"2019-10-14T17:03:09","date_gmt":"2019-10-14T20:03:09","guid":{"rendered":"https:\/\/isfdyt93-bue.infd.edu.ar\/sitio\/?page_id=1553"},"modified":"2026-03-31T23:21:22","modified_gmt":"2026-04-01T02:21:22","slug":"formularios","status":"publish","type":"page","link":"https:\/\/isfdyt93-bue.infd.edu.ar\/sitio\/formularios\/","title":{"rendered":"Formularios"},"content":{"rendered":"<p><span style=\"color: #003366;\"><strong><u>FORMULARIOS PARA DESCARGAR<\/u><\/strong><\/span><\/p>\n<ul>\n<li style=\"list-style-type: none;\">\n<ul>\n<li><a href=\"https:\/\/isfdyt93-bue.infd.edu.ar\/sitio\/wp-content\/uploads\/2019\/10\/CONSTANCIA-DE-ALUMNO-REGULAR.pdf\" target=\"_blank\" rel=\"noopener\">CONSTANCIA de Alumno Regular<\/a><\/li>\n<li><a href=\"https:\/\/isfdyt93-bue.infd.edu.ar\/sitio\/wp-content\/uploads\/2024\/04\/CONSTANCIA-ayudante-catedra.pdf\">CONSTANCIA ayudante catedra<\/a><\/li>\n<li><a href=\"https:\/\/isfdyt93-bue.infd.edu.ar\/sitio\/wp-content\/uploads\/2019\/10\/CONSTANCIA-DE-PORCENTAJE.pdf\" target=\"_blank\" rel=\"noopener\">Constancia de Porcentaje de Materias Aprobadas<\/a><\/li>\n<li><a href=\"https:\/\/isfdyt93-bue.infd.edu.ar\/sitio\/wp-content\/uploads\/2019\/10\/CONSTANCIA-DE-EXAMENES.pdf\" target=\"_blank\" rel=\"noopener\">Constancia de Asistencia a Ex\u00e1menes<\/a><\/li>\n<li><a href=\"https:\/\/isfdyt93-bue.infd.edu.ar\/sitio\/wp-content\/uploads\/2023\/10\/CONSTANCIA-DE-ASISTENCIA-A-PRACTICA-.pdf\">Constancia de Asistencia a Pr\u00e1ctica Profesionalizante<\/a><\/li>\n<li><a href=\"https:\/\/isfdyt93-bue.infd.edu.ar\/sitio\/wp-content\/uploads\/2023\/09\/Reglamento-de-practica-y-consentimiento-informado-.pdf\">ENFERMER\u00cdA: Reglamento de practica y consentimiento informado<\/a>\n<ul>\n<li><a href=\"https:\/\/isfdyt93-bue.infd.edu.ar\/sitio\/wp-content\/uploads\/2025\/03\/DISPOSITIVO-EQUIVALENCIA-2025-ADECUACION-RAM-4196-24.pdf\">DISPOSICI\u00d3N DE EQUIVALENCIAS<\/a><\/li>\n<li><a href=\"https:\/\/isfdyt93-bue.infd.edu.ar\/sitio\/wp-content\/uploads\/2025\/03\/A14_SOLICITUD-DE-EQUIVALENCIA-PEDIDO.pdf\">EQUIVALENCIAS- Solicitud (PEDIDO)<\/a><\/li>\n<li><a href=\"https:\/\/isfdyt93-bue.infd.edu.ar\/sitio\/wp-content\/uploads\/2025\/03\/PASES-entre-INSTITUTOS.pdf\">PASES ENTRE INSTITUTOS<\/a><\/li>\n<li><a href=\"https:\/\/isfdyt93-bue.infd.edu.ar\/sitio\/wp-content\/uploads\/2025\/03\/A14_-OTORGA-EQUIVALENCIA-DOCENTE.pdf\">EQUIVALENCIAS-Para el\u00a0 Profesor<\/a><\/li>\n<li><a href=\"https:\/\/isfdyt93-bue.infd.edu.ar\/sitio\/wp-content\/uploads\/2023\/10\/EQUIVALENCIAS-Disposicion-Interna.pdf\">EQUIVALENCIAS- Disposici\u00f3n Interna<\/a><\/li>\n<li><a href=\"https:\/\/isfdyt93-bue.infd.edu.ar\/sitio\/wp-content\/uploads\/2026\/03\/formularios_itinerante.pdf\">ALUMNO ITINERANTE<\/a><\/li>\n<\/ul>\n<\/li>\n<\/ul>\n<\/li>\n<li><a href=\"https:\/\/isfdyt93-bue.infd.edu.ar\/sitio\/wp-content\/uploads\/2023\/03\/Solicitud-Titulo-Finalizacion-de-Carrera.pdf\">Solicitud de TITULO (fin de carrera)<\/a><\/li>\n<\/ul>\n<ul>\n<li style=\"list-style-type: none;\"><\/li>\n<\/ul>\n","protected":false},"excerpt":{"rendered":"<p>FORMULARIOS PARA DESCARGAR CONSTANCIA de Alumno Regular CONSTANCIA ayudante catedra Constancia de Porcentaje de Materias Aprobadas Constancia de Asistencia a Ex\u00e1menes Constancia de Asistencia a Pr\u00e1ctica Profesionalizante ENFERMER\u00cdA: Reglamento de practica y consentimiento informado DISPOSICI\u00d3N DE EQUIVALENCIAS EQUIVALENCIAS- Solicitud (PEDIDO) PASES ENTRE INSTITUTOS EQUIVALENCIAS-Para el\u00a0 Profesor EQUIVALENCIAS- Disposici\u00f3n Interna ALUMNO ITINERANTE Solicitud de TITULO (fin &#8230; <a title=\"Formularios\" class=\"read-more\" href=\"https:\/\/isfdyt93-bue.infd.edu.ar\/sitio\/formularios\/\" aria-label=\"More on Formularios\">[+]<\/a><\/p>\n","protected":false},"author":102,"featured_media":0,"parent":0,"menu_order":0,"comment_status":"closed","ping_status":"closed","template":"","meta":[],"acf":[],"_links":{"self":[{"href":"https:\/\/isfdyt93-bue.infd.edu.ar\/sitio\/wp-json\/wp\/v2\/pages\/1553"}],"collection":[{"href":"https:\/\/isfdyt93-bue.infd.edu.ar\/sitio\/wp-json\/wp\/v2\/pages"}],"about":[{"href":"https:\/\/isfdyt93-bue.infd.edu.ar\/sitio\/wp-json\/wp\/v2\/types\/page"}],"author":[{"embeddable":true,"href":"https:\/\/isfdyt93-bue.infd.edu.ar\/sitio\/wp-json\/wp\/v2\/users\/102"}],"replies":[{"embeddable":true,"href":"https:\/\/isfdyt93-bue.infd.edu.ar\/sitio\/wp-json\/wp\/v2\/comments?post=1553"}],"version-history":[{"count":24,"href":"https:\/\/isfdyt93-bue.infd.edu.ar\/sitio\/wp-json\/wp\/v2\/pages\/1553\/revisions"}],"predecessor-version":[{"id":3652,"href":"https:\/\/isfdyt93-bue.infd.edu.ar\/sitio\/wp-json\/wp\/v2\/pages\/1553\/revisions\/3652"}],"wp:attachment":[{"href":"https:\/\/isfdyt93-bue.infd.edu.ar\/sitio\/wp-json\/wp\/v2\/media?parent=1553"}],"curies":[{"name":"wp","href":"https:\/\/api.w.org\/{rel}","templated":true}]}}