{"id":3390,"date":"2025-04-04T10:05:27","date_gmt":"2025-04-04T13:05:27","guid":{"rendered":"https:\/\/isfdyt93-bue.infd.edu.ar\/sitio\/?page_id=3390"},"modified":"2025-06-12T13:56:51","modified_gmt":"2025-06-12T16:56:51","slug":"licencia-art-114-o-4","status":"publish","type":"page","link":"https:\/\/isfdyt93-bue.infd.edu.ar\/sitio\/licencia-art-114-o-4\/","title":{"rendered":"LICENCIA Art. 114\u00b0.o.4"},"content":{"rendered":"\n<p><\/p>\n\n\n\n<p>La solicitud de licencia 114 o 4 es un&nbsp;<mark>formulario que el personal docente puede usar para pedir una licencia por causas particulares<\/mark>.&nbsp;<\/p>\n\n\n\n<p>Qu\u00e9 se puede solicitar&nbsp;<\/p>\n\n\n\n<ul>\n<li>Un d\u00eda de licencia por mes calendario, con un m\u00e1ximo de seis por a\u00f1o<\/li>\n\n\n\n<li>Sin goce de haberes<\/li>\n<\/ul>\n\n\n\n<p>C\u00f3mo se solicita&nbsp;<\/p>\n\n\n\n<ul>\n<li>Se debe enviar la solicitud por nota con anterioridad para avisar a los estudiantes<\/li>\n\n\n\n<li>Si no se env\u00eda la solicitud, se considera falta injustificada<\/li>\n<\/ul>\n\n\n\n<p>Qu\u00e9 se debe incluir&nbsp;<\/p>\n\n\n\n<ul>\n<li>Nombre y DNI del solicitante<\/li>\n\n\n\n<li>Cargo, horas c\u00e1tedra o m\u00f3dulos<\/li>\n\n\n\n<li>Fecha de la inasistencia<\/li>\n\n\n\n<li>Motivo de la licencia: Art\u00edculo 114\u00b0 O.4<\/li>\n<\/ul>\n\n\n\n<p>Consideraciones adicionales<\/p>\n\n\n\n<ul>\n<li>Requisito indispensable, poseer 5 a\u00f1os de antig\u00fcedad como m\u00ednimo.<\/li>\n\n\n\n<li>Si se solicita licencia por Titular y Provisional, se debe hacer por separado\u00a0<\/li>\n\n\n\n<li>La solicitud debe ser acompa\u00f1ada de archivos probatorios&nbsp;<\/li>\n\n\n\n<li>El sistema no permite subir licencias sin adjuntar archivos probatorios&nbsp;<\/li>\n<\/ul>\n","protected":false},"excerpt":{"rendered":"<p>La solicitud de licencia 114 o 4 es un&nbsp;formulario que el personal docente puede usar para pedir una licencia por causas particulares.&nbsp; Qu\u00e9 se puede solicitar&nbsp; C\u00f3mo se solicita&nbsp; Qu\u00e9 se debe incluir&nbsp; Consideraciones adicionales<\/p>\n","protected":false},"author":10,"featured_media":0,"parent":0,"menu_order":0,"comment_status":"closed","ping_status":"closed","template":"","meta":[],"acf":[],"_links":{"self":[{"href":"https:\/\/isfdyt93-bue.infd.edu.ar\/sitio\/wp-json\/wp\/v2\/pages\/3390"}],"collection":[{"href":"https:\/\/isfdyt93-bue.infd.edu.ar\/sitio\/wp-json\/wp\/v2\/pages"}],"about":[{"href":"https:\/\/isfdyt93-bue.infd.edu.ar\/sitio\/wp-json\/wp\/v2\/types\/page"}],"author":[{"embeddable":true,"href":"https:\/\/isfdyt93-bue.infd.edu.ar\/sitio\/wp-json\/wp\/v2\/users\/10"}],"replies":[{"embeddable":true,"href":"https:\/\/isfdyt93-bue.infd.edu.ar\/sitio\/wp-json\/wp\/v2\/comments?post=3390"}],"version-history":[{"count":2,"href":"https:\/\/isfdyt93-bue.infd.edu.ar\/sitio\/wp-json\/wp\/v2\/pages\/3390\/revisions"}],"predecessor-version":[{"id":3406,"href":"https:\/\/isfdyt93-bue.infd.edu.ar\/sitio\/wp-json\/wp\/v2\/pages\/3390\/revisions\/3406"}],"wp:attachment":[{"href":"https:\/\/isfdyt93-bue.infd.edu.ar\/sitio\/wp-json\/wp\/v2\/media?parent=3390"}],"curies":[{"name":"wp","href":"https:\/\/api.w.org\/{rel}","templated":true}]}}

<p></p>



<p>La solicitud de licencia 114 o 4 es un&nbsp;<mark>formulario que el personal docente puede usar para pedir una licencia por causas particulares</mark>.&nbsp;</p>



<p>Qué se puede solicitar&nbsp;</p>



<ul>
<li>Un día de licencia por mes calendario, con un máximo de seis por año</li>



<li>Sin goce de haberes</li>
</ul>



<p>Cómo se solicita&nbsp;</p>



<ul>
<li>Se debe enviar la solicitud por nota con anterioridad para avisar a los estudiantes</li>



<li>Si no se envía la solicitud, se considera falta injustificada</li>
</ul>



<p>Qué se debe incluir&nbsp;</p>



<ul>
<li>Nombre y DNI del solicitante</li>



<li>Cargo, horas cátedra o módulos</li>



<li>Fecha de la inasistencia</li>



<li>Motivo de la licencia: Artículo 114° O.4</li>
</ul>



<p>Consideraciones adicionales</p>



<ul>
<li>Requisito indispensable, poseer 5 años de antigüedad como mínimo.</li>



<li>Si se solicita licencia por Titular y Provisional, se debe hacer por separado </li>



<li>La solicitud debe ser acompañada de archivos probatorios&nbsp;</li>



<li>El sistema no permite subir licencias sin adjuntar archivos probatorios&nbsp;</li>
</ul>

<p>La solicitud de licencia 114 o 4 es un&nbsp;formulario que el personal docente puede usar para pedir una licencia por causas particulares.&nbsp; Qué se puede solicitar&nbsp; Cómo se solicita&nbsp; Qué se debe incluir&nbsp; Consideraciones adicionales</p>
