{"id":3563,"date":"2025-11-28T21:12:30","date_gmt":"2025-11-29T00:12:30","guid":{"rendered":"https:\/\/isfdyt93-bue.infd.edu.ar\/sitio\/?page_id=3563"},"modified":"2025-12-10T14:54:41","modified_gmt":"2025-12-10T17:54:41","slug":"2o-etapa-inscripcion-formal-2026","status":"publish","type":"page","link":"https:\/\/isfdyt93-bue.infd.edu.ar\/sitio\/2o-etapa-inscripcion-formal-2026\/","title":{"rendered":"2\u00ba ETAPA \u2013 INSCRIPCI\u00d3N FORMAL 2026"},"content":{"rendered":"\n<p>Solo pasan a esta etapa quienes reciben citaci\u00f3n por mail, por estar dentro del cupo de vacantes de la carrera elegida.<\/p>\n\n\n\n<p>&#x1f4d8; REQUISITOS COMUNES A TODAS LAS CARRERAS <\/p>\n\n\n\n<p>&#x1f4c4; Documentaci\u00f3n personal<br>\u25cf Fotocopia de D.N.I.<br>\u25cf Fotocopia de Partida de nacimiento<br>\u25cf 2 fotos 4\u00d74: 1 para legajo + 1 para la Libreta del Estudiante<br>\u25cf 1 folio transparente con etiqueta<\/p>\n\n\n\n<p>&#x1f393; Documentaci\u00f3n acad\u00e9mica<br>\u25cf Fotocopia del T\u00edtulo Secundario o Constancia de T\u00edtulo en Tr\u00e1mite<\/p>\n\n\n\n<p>&#x1fa7a; Salud<br>\u25cf Certificado de aptitud psicof\u00edsica: Para todas las carreras.<br>\u25cf Enfermer\u00eda tiene requisitos espec\u00edficos m\u00e1s abajo<\/p>\n\n\n\n<p>&#x1f4dd; Formulario de inscripci\u00f3n<br>\u25cf Descargar, imprimir y completar el formulario oficial:-&#x1f449; <a href=\"https:\/\/isfdyt93-bue.infd.edu.ar\/sitio\/wp-content\/uploads\/2025\/11\/inscripcion_isft93.pdf\">Link Directo<\/a><\/p>\n\n\n\n<p>&#x1f4da; Libreta del Estudiante<br>\u25cf Se entrega en los plazos establecidos por el Instituto.<\/p>\n\n\n\n<p><\/p>\n\n\n\n<p>&#x1fa7a; ESPECIFICACIONES EXCLUSIVAS PARA ENFERMER\u00cdA &#8211; Res. 854\/16<\/p>\n\n\n\n<p>Adem\u00e1s de los requisitos comunes, se deben presentar:<br>&#x2714; Certificados obligatorios (SON DOS) \u2013 solo emitidos por organismos oficiales<br>\u25cf Certificado f\u00edsico<br>\u25cf Certificado psicol\u00f3gico<br><\/p>\n\n\n\n<p>&#x2714; Vacunaci\u00f3n obligatoria<\/p>\n\n\n\n<p>Presentar certificados de: <br>\u25cf Hepatitis B <br>\u25cf Antitet\u00e1nica<\/p>\n\n\n\n<p><br>&#x2714; Pr\u00e1cticas profesionalizantes<br>\u25cf En d\u00edas y horarios definidos por los oferentes.<\/p>\n\n\n\n<p><\/p>\n\n\n\n<p><\/p>\n","protected":false},"excerpt":{"rendered":"<p>Solo pasan a esta etapa quienes reciben citaci\u00f3n por mail, por estar dentro del cupo de vacantes de la carrera elegida. &#x1f4d8; REQUISITOS COMUNES A TODAS LAS CARRERAS &#x1f4c4; Documentaci\u00f3n personal\u25cf Fotocopia de D.N.I.\u25cf Fotocopia de Partida de nacimiento\u25cf 2 fotos 4\u00d74: 1 para legajo + 1 para la Libreta del Estudiante\u25cf 1 folio transparente &#8230; <a title=\"2\u00ba ETAPA \u2013 INSCRIPCI\u00d3N FORMAL 2026\" class=\"read-more\" href=\"https:\/\/isfdyt93-bue.infd.edu.ar\/sitio\/2o-etapa-inscripcion-formal-2026\/\" aria-label=\"More on 2\u00ba ETAPA \u2013 INSCRIPCI\u00d3N FORMAL 2026\">[+]<\/a><\/p>\n","protected":false},"author":10,"featured_media":0,"parent":0,"menu_order":0,"comment_status":"closed","ping_status":"closed","template":"","meta":[],"acf":[],"_links":{"self":[{"href":"https:\/\/isfdyt93-bue.infd.edu.ar\/sitio\/wp-json\/wp\/v2\/pages\/3563"}],"collection":[{"href":"https:\/\/isfdyt93-bue.infd.edu.ar\/sitio\/wp-json\/wp\/v2\/pages"}],"about":[{"href":"https:\/\/isfdyt93-bue.infd.edu.ar\/sitio\/wp-json\/wp\/v2\/types\/page"}],"author":[{"embeddable":true,"href":"https:\/\/isfdyt93-bue.infd.edu.ar\/sitio\/wp-json\/wp\/v2\/users\/10"}],"replies":[{"embeddable":true,"href":"https:\/\/isfdyt93-bue.infd.edu.ar\/sitio\/wp-json\/wp\/v2\/comments?post=3563"}],"version-history":[{"count":7,"href":"https:\/\/isfdyt93-bue.infd.edu.ar\/sitio\/wp-json\/wp\/v2\/pages\/3563\/revisions"}],"predecessor-version":[{"id":3598,"href":"https:\/\/isfdyt93-bue.infd.edu.ar\/sitio\/wp-json\/wp\/v2\/pages\/3563\/revisions\/3598"}],"wp:attachment":[{"href":"https:\/\/isfdyt93-bue.infd.edu.ar\/sitio\/wp-json\/wp\/v2\/media?parent=3563"}],"curies":[{"name":"wp","href":"https:\/\/api.w.org\/{rel}","templated":true}]}}