{"id":838,"date":"2018-08-29T19:02:46","date_gmt":"2018-08-29T22:02:46","guid":{"rendered":"https:\/\/isfdyt93-bue.infd.edu.ar\/sitio\/tecnicatura-superior-en-analisis-desarrollo-y-programacion-de-aplicaciones\/"},"modified":"2024-04-15T20:26:49","modified_gmt":"2024-04-15T23:26:49","slug":"tecnicatura-superior-en-analisis-desarrollo-y-programacion-de-aplicaciones","status":"publish","type":"page","link":"https:\/\/isfdyt93-bue.infd.edu.ar\/sitio\/tecnicatura-superior-en-analisis-desarrollo-y-programacion-de-aplicaciones\/","title":{"rendered":"Tecnicatura Superior en An\u00e1lisis, Desarrollo y Programaci\u00f3n de Aplicaciones"},"content":{"rendered":"<p style=\"text-align: center;\"><strong><a href=\"upload\/TEC._SUP._EN_ANALISIS_DESARROLLO_Y_PROGR._DE_APLIC._R.617503.pdf\" target=\"_blank\" rel=\"noopener\">* RESOLUCI\u00d3N 6175\/03<\/a>\u00a0 \u00a0 \u00a0 <a href=\"https:\/\/isfdyt93-bue.infd.edu.ar\/sitio\/wp-content\/uploads\/2019\/10\/PLAN_PROG.pdf\" target=\"_blank\" rel=\"noopener\">* PLAN DE ESTUDIOS<\/a>\u00a0 \u00a0 \u00a0<\/strong><\/p>\n<h5 style=\"text-align: center;\"><span style=\"color: #003366;\"><strong>Los horarios de cursada son de Lunes a Viernes de 18:30 a 22:40 hs.<\/strong><\/span><\/h5>\n<p><img decoding=\"async\" loading=\"lazy\" class=\"size-full wp-image-2334 aligncenter\" src=\"https:\/\/isfdyt93-bue.infd.edu.ar\/sitio\/wp-content\/uploads\/2021\/08\/WPROG-1.jpg\" alt=\"\" width=\"744\" height=\"744\" srcset=\"https:\/\/isfdyt93-bue.infd.edu.ar\/sitio\/wp-content\/uploads\/2021\/08\/WPROG-1.jpg 744w, https:\/\/isfdyt93-bue.infd.edu.ar\/sitio\/wp-content\/uploads\/2021\/08\/WPROG-1-500x500.jpg 500w\" sizes=\"(max-width: 744px) 100vw, 744px\" \/><\/p>\n<p style=\"text-align: center;\"><strong>El\/la T\u00e9cnico\/a Superior en An\u00e1lisis, Desarrollo y Programaci\u00f3n de Aplicaciones, ser\u00e1 un profesional\u00a0 con amplio dominio de tecnolog\u00edas de punta, capacitado para transferir\u00a0 avances de las ciencias inform\u00e1ticas en el desarrollo de \u00e1mbitos virtuales de soluci\u00f3n a problemas reales, aplicando\u00a0 metodolog\u00edas de administraci\u00f3n de ciclos de vida de los sistemas de informaci\u00f3n, herramientas y procedimientos bajo la aplicaci\u00f3n de normas legales, t\u00e9cnicas y \u00e9ticas.<\/strong><\/p>\n<p style=\"text-align: center;\"><span style=\"color: #003366;\"><strong>Es por esto que nuestros egresados encuentran su f\u00e1cil inserci\u00f3n en el mundo laboral actual.<\/strong><\/span><\/p>\n<p style=\"text-align: center;\"><span style=\"color: #003366;\"><strong>Los esperamos!!!!<\/strong><\/span><\/p>\n","protected":false},"excerpt":{"rendered":"<p>* RESOLUCI\u00d3N 6175\/03\u00a0 \u00a0 \u00a0 * PLAN DE ESTUDIOS\u00a0 \u00a0 \u00a0 Los horarios de cursada son de Lunes a Viernes de 18:30 a 22:40 hs. El\/la T\u00e9cnico\/a Superior en An\u00e1lisis, Desarrollo y Programaci\u00f3n de Aplicaciones, ser\u00e1 un profesional\u00a0 con amplio dominio de tecnolog\u00edas de punta, capacitado para transferir\u00a0 avances de las ciencias inform\u00e1ticas en el &#8230; <a title=\"Tecnicatura Superior en An\u00e1lisis, Desarrollo y Programaci\u00f3n de Aplicaciones\" class=\"read-more\" href=\"https:\/\/isfdyt93-bue.infd.edu.ar\/sitio\/tecnicatura-superior-en-analisis-desarrollo-y-programacion-de-aplicaciones\/\" aria-label=\"More on Tecnicatura Superior en An\u00e1lisis, Desarrollo y Programaci\u00f3n de Aplicaciones\">[+]<\/a><\/p>\n","protected":false},"author":102,"featured_media":0,"parent":0,"menu_order":0,"comment_status":"closed","ping_status":"closed","template":"","meta":[],"acf":[],"_links":{"self":[{"href":"https:\/\/isfdyt93-bue.infd.edu.ar\/sitio\/wp-json\/wp\/v2\/pages\/838"}],"collection":[{"href":"https:\/\/isfdyt93-bue.infd.edu.ar\/sitio\/wp-json\/wp\/v2\/pages"}],"about":[{"href":"https:\/\/isfdyt93-bue.infd.edu.ar\/sitio\/wp-json\/wp\/v2\/types\/page"}],"author":[{"embeddable":true,"href":"https:\/\/isfdyt93-bue.infd.edu.ar\/sitio\/wp-json\/wp\/v2\/users\/102"}],"replies":[{"embeddable":true,"href":"https:\/\/isfdyt93-bue.infd.edu.ar\/sitio\/wp-json\/wp\/v2\/comments?post=838"}],"version-history":[{"count":28,"href":"https:\/\/isfdyt93-bue.infd.edu.ar\/sitio\/wp-json\/wp\/v2\/pages\/838\/revisions"}],"predecessor-version":[{"id":3060,"href":"https:\/\/isfdyt93-bue.infd.edu.ar\/sitio\/wp-json\/wp\/v2\/pages\/838\/revisions\/3060"}],"wp:attachment":[{"href":"https:\/\/isfdyt93-bue.infd.edu.ar\/sitio\/wp-json\/wp\/v2\/media?parent=838"}],"curies":[{"name":"wp","href":"https:\/\/api.w.org\/{rel}","templated":true}]}}

Tecnicatura Superior en Análisis, Desarrollo y Programación de Aplicaciones

<p style="text-align: center;"><strong><a href="upload/TEC._SUP._EN_ANALISIS_DESARROLLO_Y_PROGR._DE_APLIC._R.617503.pdf" target="_blank" rel="noopener">* RESOLUCIÓN 6175/03</a>      <a href="https://isfdyt93-bue.infd.edu.ar/sitio/wp-content/uploads/2019/10/PLAN_PROG.pdf" target="_blank" rel="noopener">* PLAN DE ESTUDIOS</a>     </strong></p>
<h5 style="text-align: center;"><span style="color: #003366;"><strong>Los horarios de cursada son de Lunes a Viernes de 18:30 a 22:40 hs.</strong></span></h5>
<p><img decoding="async" loading="lazy" class="size-full wp-image-2334 aligncenter" src="https://isfdyt93-bue.infd.edu.ar/sitio/wp-content/uploads/2021/08/WPROG-1.jpg" alt="" width="744" height="744" srcset="https://isfdyt93-bue.infd.edu.ar/sitio/wp-content/uploads/2021/08/WPROG-1.jpg 744w, https://isfdyt93-bue.infd.edu.ar/sitio/wp-content/uploads/2021/08/WPROG-1-500x500.jpg 500w" sizes="(max-width: 744px) 100vw, 744px" /></p>
<p style="text-align: center;"><strong>El/la Técnico/a Superior en Análisis, Desarrollo y Programación de Aplicaciones, será un profesional  con amplio dominio de tecnologías de punta, capacitado para transferir  avances de las ciencias informáticas en el desarrollo de ámbitos virtuales de solución a problemas reales, aplicando  metodologías de administración de ciclos de vida de los sistemas de información, herramientas y procedimientos bajo la aplicación de normas legales, técnicas y éticas.</strong></p>
<p style="text-align: center;"><span style="color: #003366;"><strong>Es por esto que nuestros egresados encuentran su fácil inserción en el mundo laboral actual.</strong></span></p>
<p style="text-align: center;"><span style="color: #003366;"><strong>Los esperamos!!!!</strong></span></p>

<p>* RESOLUCIÓN 6175/03      * PLAN DE ESTUDIOS      Los horarios de cursada son de Lunes a Viernes de 18:30 a 22:40 hs. El/la Técnico/a Superior en Análisis, Desarrollo y Programación de Aplicaciones, será un profesional  con amplio dominio de tecnologías de punta, capacitado para transferir  avances de las ciencias informáticas en el &#8230; <a title="Tecnicatura Superior en Análisis, Desarrollo y Programación de Aplicaciones" class="read-more" href="https://isfdyt93-bue.infd.edu.ar/sitio/tecnicatura-superior-en-analisis-desarrollo-y-programacion-de-aplicaciones/" aria-label="More on Tecnicatura Superior en Análisis, Desarrollo y Programación de Aplicaciones">[+]</a></p>
