{"id":840,"date":"2018-08-29T19:02:47","date_gmt":"2018-08-29T22:02:47","guid":{"rendered":"https:\/\/isfdyt93-bue.infd.edu.ar\/sitio\/tecnicatura-superior-en-administracion-contable\/"},"modified":"2024-04-15T20:30:06","modified_gmt":"2024-04-15T23:30:06","slug":"tecnicatura-superior-en-administracion-contable","status":"publish","type":"page","link":"https:\/\/isfdyt93-bue.infd.edu.ar\/sitio\/tecnicatura-superior-en-administracion-contable\/","title":{"rendered":"Tecnicatura Superior en Administraci\u00f3n Contable"},"content":{"rendered":"<p style=\"text-align: center;\"><strong><a href=\"https:\/\/isfdyt93-bue.infd.edu.ar\/sitio\/wp-content\/uploads\/sitio\/TEC._SUP._EN_ADMIN._CONTABLE_R.27303.pdf\" target=\"_blank\" rel=\"noopener\">* RESOLUCI\u00d3N 273\/03<\/a>\u00a0 \u00a0 \u00a0<a href=\"https:\/\/isfdyt93-bue.infd.edu.ar\/sitio\/wp-content\/uploads\/2019\/10\/PLAN_CON.pdf\" target=\"_blank\" rel=\"noopener\">* PLAN DE ESTUDIOS<\/a>\u00a0 \u00a0 \u00a0\u00a0<\/strong><\/p>\n<p style=\"text-align: center;\"><a href=\"https:\/\/isfdyt93-bue.infd.edu.ar\/sitio\/wp-content\/uploads\/2024\/03\/ADM.-CONTABLE-IF-2023-48114561-GDEBA-DESFTDGCYE.pdf\">* RESOLUCI\u00d3N 455\/23<\/a><\/p>\n<h5 style=\"text-align: center;\"><span style=\"color: #003366;\"><strong>Los horarios de cursada son de Lunes a Viernes de 18:30 a 22:40 hs.<\/strong><\/span><\/h5>\n<p><img decoding=\"async\" loading=\"lazy\" class=\"wp-image-1121 size-full aligncenter\" src=\"https:\/\/isfdyt93-bue.infd.edu.ar\/sitio\/wp-content\/uploads\/2019\/10\/WCONT.jpeg\" alt=\"\" width=\"744\" height=\"744\" srcset=\"https:\/\/isfdyt93-bue.infd.edu.ar\/sitio\/wp-content\/uploads\/2019\/10\/WCONT.jpeg 744w, https:\/\/isfdyt93-bue.infd.edu.ar\/sitio\/wp-content\/uploads\/2019\/10\/WCONT-500x500.jpeg 500w\" sizes=\"(max-width: 744px) 100vw, 744px\" \/><\/p>\n<p style=\"text-align: center;\"><strong>El\/la T\u00e9cnico\/a Superior en Administraci\u00f3n es un profesional que estar\u00e1 capacitado para desarrollar las competencias para: organizar, programar, ejecutar y controlar las operaciones comerciales, financieras y administrativas de la organizaci\u00f3n; elaborar, controlar y registrar el flujo de informaci\u00f3n; organizar y planificar los recursos referidos para desarrollar sus actividades interactuando con el entorno y participando en la toma de decisiones relacionadas con sus actividades. Coordinando equipos de trabajo relacionado con su especialidad. Estas competencias ser\u00e1n desarrolladas seg\u00fan las incumbencias y las normas t\u00e9cnicas y legales que rigen su campo profesional.<\/strong><\/p>\n<p style=\"text-align: center;\"><span style=\"color: #003366;\"><strong>Es por esto que nuestros egresados encuentran su f\u00e1cil inserci\u00f3n en el mundo laboral actual.<\/strong><\/span><\/p>\n<p style=\"text-align: center;\"><span style=\"color: #003366;\"><strong>Los esperamos!!!!<\/strong><\/span><\/p>\n","protected":false},"excerpt":{"rendered":"<p>* RESOLUCI\u00d3N 273\/03\u00a0 \u00a0 \u00a0* PLAN DE ESTUDIOS\u00a0 \u00a0 \u00a0\u00a0 * RESOLUCI\u00d3N 455\/23 Los horarios de cursada son de Lunes a Viernes de 18:30 a 22:40 hs. El\/la T\u00e9cnico\/a Superior en Administraci\u00f3n es un profesional que estar\u00e1 capacitado para desarrollar las competencias para: organizar, programar, ejecutar y controlar las operaciones comerciales, financieras y administrativas de &#8230; <a title=\"Tecnicatura Superior en Administraci\u00f3n Contable\" class=\"read-more\" href=\"https:\/\/isfdyt93-bue.infd.edu.ar\/sitio\/tecnicatura-superior-en-administracion-contable\/\" aria-label=\"More on Tecnicatura Superior en Administraci\u00f3n Contable\">[+]<\/a><\/p>\n","protected":false},"author":102,"featured_media":0,"parent":0,"menu_order":0,"comment_status":"closed","ping_status":"closed","template":"","meta":[],"acf":[],"_links":{"self":[{"href":"https:\/\/isfdyt93-bue.infd.edu.ar\/sitio\/wp-json\/wp\/v2\/pages\/840"}],"collection":[{"href":"https:\/\/isfdyt93-bue.infd.edu.ar\/sitio\/wp-json\/wp\/v2\/pages"}],"about":[{"href":"https:\/\/isfdyt93-bue.infd.edu.ar\/sitio\/wp-json\/wp\/v2\/types\/page"}],"author":[{"embeddable":true,"href":"https:\/\/isfdyt93-bue.infd.edu.ar\/sitio\/wp-json\/wp\/v2\/users\/102"}],"replies":[{"embeddable":true,"href":"https:\/\/isfdyt93-bue.infd.edu.ar\/sitio\/wp-json\/wp\/v2\/comments?post=840"}],"version-history":[{"count":13,"href":"https:\/\/isfdyt93-bue.infd.edu.ar\/sitio\/wp-json\/wp\/v2\/pages\/840\/revisions"}],"predecessor-version":[{"id":3063,"href":"https:\/\/isfdyt93-bue.infd.edu.ar\/sitio\/wp-json\/wp\/v2\/pages\/840\/revisions\/3063"}],"wp:attachment":[{"href":"https:\/\/isfdyt93-bue.infd.edu.ar\/sitio\/wp-json\/wp\/v2\/media?parent=840"}],"curies":[{"name":"wp","href":"https:\/\/api.w.org\/{rel}","templated":true}]}}

Tecnicatura Superior en Administración Contable

<p style="text-align: center;"><strong><a href="https://isfdyt93-bue.infd.edu.ar/sitio/wp-content/uploads/sitio/TEC._SUP._EN_ADMIN._CONTABLE_R.27303.pdf" target="_blank" rel="noopener">* RESOLUCIÓN 273/03</a>     <a href="https://isfdyt93-bue.infd.edu.ar/sitio/wp-content/uploads/2019/10/PLAN_CON.pdf" target="_blank" rel="noopener">* PLAN DE ESTUDIOS</a>      </strong></p>
<p style="text-align: center;"><a href="https://isfdyt93-bue.infd.edu.ar/sitio/wp-content/uploads/2024/03/ADM.-CONTABLE-IF-2023-48114561-GDEBA-DESFTDGCYE.pdf">* RESOLUCIÓN 455/23</a></p>
<h5 style="text-align: center;"><span style="color: #003366;"><strong>Los horarios de cursada son de Lunes a Viernes de 18:30 a 22:40 hs.</strong></span></h5>
<p><img decoding="async" loading="lazy" class="wp-image-1121 size-full aligncenter" src="https://isfdyt93-bue.infd.edu.ar/sitio/wp-content/uploads/2019/10/WCONT.jpeg" alt="" width="744" height="744" srcset="https://isfdyt93-bue.infd.edu.ar/sitio/wp-content/uploads/2019/10/WCONT.jpeg 744w, https://isfdyt93-bue.infd.edu.ar/sitio/wp-content/uploads/2019/10/WCONT-500x500.jpeg 500w" sizes="(max-width: 744px) 100vw, 744px" /></p>
<p style="text-align: center;"><strong>El/la Técnico/a Superior en Administración es un profesional que estará capacitado para desarrollar las competencias para: organizar, programar, ejecutar y controlar las operaciones comerciales, financieras y administrativas de la organización; elaborar, controlar y registrar el flujo de información; organizar y planificar los recursos referidos para desarrollar sus actividades interactuando con el entorno y participando en la toma de decisiones relacionadas con sus actividades. Coordinando equipos de trabajo relacionado con su especialidad. Estas competencias serán desarrolladas según las incumbencias y las normas técnicas y legales que rigen su campo profesional.</strong></p>
<p style="text-align: center;"><span style="color: #003366;"><strong>Es por esto que nuestros egresados encuentran su fácil inserción en el mundo laboral actual.</strong></span></p>
<p style="text-align: center;"><span style="color: #003366;"><strong>Los esperamos!!!!</strong></span></p>

<p>* RESOLUCIÓN 273/03     * PLAN DE ESTUDIOS       * RESOLUCIÓN 455/23 Los horarios de cursada son de Lunes a Viernes de 18:30 a 22:40 hs. El/la Técnico/a Superior en Administración es un profesional que estará capacitado para desarrollar las competencias para: organizar, programar, ejecutar y controlar las operaciones comerciales, financieras y administrativas de &#8230; <a title="Tecnicatura Superior en Administración Contable" class="read-more" href="https://isfdyt93-bue.infd.edu.ar/sitio/tecnicatura-superior-en-administracion-contable/" aria-label="More on Tecnicatura Superior en Administración Contable">[+]</a></p>
