{"id":842,"date":"2018-08-29T19:02:47","date_gmt":"2018-08-29T22:02:47","guid":{"rendered":"https:\/\/isfdyt93-bue.infd.edu.ar\/sitio\/tecnicatura-superior-en-administracion-con-orientacion-en-marketing\/"},"modified":"2024-04-15T20:25:53","modified_gmt":"2024-04-15T23:25:53","slug":"tecnicatura-superior-en-administracion-con-orientacion-en-marketing","status":"publish","type":"page","link":"https:\/\/isfdyt93-bue.infd.edu.ar\/sitio\/tecnicatura-superior-en-administracion-con-orientacion-en-marketing\/","title":{"rendered":"Tecnicatura Superior en Administraci\u00f3n con Orientaci\u00f3n en Marketing"},"content":{"rendered":"<p style=\"text-align: center;\"><strong><a href=\"https:\/\/isfdyt93-bue.infd.edu.ar\/sitio\/wp-content\/uploads\/sitio\/TEC._SUP._EN_ADMIN._CON_ORIENT._EN_MARKETING_R.583403.pdf\" target=\"_blank\" rel=\"noopener\">* RESOLUCI\u00d3N 5834\/03<\/a>\u00a0 \u00a0 \u00a0 <a href=\"https:\/\/isfdyt93-bue.infd.edu.ar\/sitio\/wp-content\/uploads\/2019\/10\/PLAN_MARK.pdf\" target=\"_blank\" rel=\"noopener\">* PLAN DE ESTUDIOS<\/a>\u00a0 \u00a0\u00a0\u00a0<\/strong><\/p>\n<p style=\"text-align: center;\"><strong>\u00a0 \u00a0<\/strong><\/p>\n<h5 style=\"text-align: center;\"><span style=\"color: #003366;\"><strong>Los horarios de cursada son de Lunes a Viernes de 18:30 a 22:40 hs.<\/strong><\/span><\/h5>\n<p><img decoding=\"async\" loading=\"lazy\" class=\"wp-image-1125 size-full aligncenter\" src=\"https:\/\/isfdyt93-bue.infd.edu.ar\/sitio\/wp-content\/uploads\/2019\/10\/WMARK.jpeg\" alt=\"\" width=\"744\" height=\"744\" srcset=\"https:\/\/isfdyt93-bue.infd.edu.ar\/sitio\/wp-content\/uploads\/2019\/10\/WMARK.jpeg 744w, https:\/\/isfdyt93-bue.infd.edu.ar\/sitio\/wp-content\/uploads\/2019\/10\/WMARK-500x500.jpeg 500w\" sizes=\"(max-width: 744px) 100vw, 744px\" \/><\/p>\n<p><strong>El\/la T\u00e9cnico\/a Superior en Administraci\u00f3n con Orientaci\u00f3n en Marketing es un\/a profesional con una visi\u00f3n estrat\u00e9gica de los negocios desarrollada a partir de su s\u00f3lida formaci\u00f3n en Administraci\u00f3n Contable y en Marketing al mismo tiempo.<\/strong><\/p>\n<p><strong><u>Dispone de amplias competencias que lo califican para:<\/u><\/strong><\/p>\n<p><strong>Determinar el posicionamiento de productos y servicios, establecer las pol\u00edticas de precios adecuadas, investigar y definir los segmentos de mercados m\u00e1s rentables, estructurar los canales de distribuci\u00f3n de acuerdo con los requerimientos del mercado, desarrollar los planes de marketing necesarios para lograr los objetivos de la empresa y liderar las estrategias competitivas que la conduzcan a un crecimiento sostenido.<\/strong><\/p>\n<p><strong>Su formaci\u00f3n lo califica, no solo para conducir equipos de trabajo sino para desarrollar y controlar las operaciones comerciales de la organizaci\u00f3n en la que se desempe\u00f1e, como Jefe de producto o Jefe de Marketing o en forma independiente trabajando como consultor de empresas.<\/strong><\/p>\n<p><strong>Se destaca por su personalidad innovadora y por su capacidad para incrementar el\u00a0 valor de las marcas siendo uno de los profesionales con mayor proyecci\u00f3n en el mercado laboral actual, nacional e internacional.<\/strong><\/p>\n<p style=\"text-align: center;\"><span style=\"color: #003366;\"><strong>Es por esto que nuestros egresados encuentran su f\u00e1cil inserci\u00f3n en el mundo laboral actual.<\/strong><\/span><\/p>\n<p style=\"text-align: center;\"><span style=\"color: #003366;\"><strong>Los esperamos!!!!<\/strong><\/span><\/p>\n","protected":false},"excerpt":{"rendered":"<p>* RESOLUCI\u00d3N 5834\/03\u00a0 \u00a0 \u00a0 * PLAN DE ESTUDIOS\u00a0 \u00a0\u00a0\u00a0 \u00a0 \u00a0 Los horarios de cursada son de Lunes a Viernes de 18:30 a 22:40 hs. El\/la T\u00e9cnico\/a Superior en Administraci\u00f3n con Orientaci\u00f3n en Marketing es un\/a profesional con una visi\u00f3n estrat\u00e9gica de los negocios desarrollada a partir de su s\u00f3lida formaci\u00f3n en Administraci\u00f3n Contable &#8230; <a title=\"Tecnicatura Superior en Administraci\u00f3n con Orientaci\u00f3n en Marketing\" class=\"read-more\" href=\"https:\/\/isfdyt93-bue.infd.edu.ar\/sitio\/tecnicatura-superior-en-administracion-con-orientacion-en-marketing\/\" aria-label=\"More on Tecnicatura Superior en Administraci\u00f3n con Orientaci\u00f3n en Marketing\">[+]<\/a><\/p>\n","protected":false},"author":102,"featured_media":0,"parent":0,"menu_order":0,"comment_status":"closed","ping_status":"closed","template":"","meta":[],"acf":[],"_links":{"self":[{"href":"https:\/\/isfdyt93-bue.infd.edu.ar\/sitio\/wp-json\/wp\/v2\/pages\/842"}],"collection":[{"href":"https:\/\/isfdyt93-bue.infd.edu.ar\/sitio\/wp-json\/wp\/v2\/pages"}],"about":[{"href":"https:\/\/isfdyt93-bue.infd.edu.ar\/sitio\/wp-json\/wp\/v2\/types\/page"}],"author":[{"embeddable":true,"href":"https:\/\/isfdyt93-bue.infd.edu.ar\/sitio\/wp-json\/wp\/v2\/users\/102"}],"replies":[{"embeddable":true,"href":"https:\/\/isfdyt93-bue.infd.edu.ar\/sitio\/wp-json\/wp\/v2\/comments?post=842"}],"version-history":[{"count":15,"href":"https:\/\/isfdyt93-bue.infd.edu.ar\/sitio\/wp-json\/wp\/v2\/pages\/842\/revisions"}],"predecessor-version":[{"id":3059,"href":"https:\/\/isfdyt93-bue.infd.edu.ar\/sitio\/wp-json\/wp\/v2\/pages\/842\/revisions\/3059"}],"wp:attachment":[{"href":"https:\/\/isfdyt93-bue.infd.edu.ar\/sitio\/wp-json\/wp\/v2\/media?parent=842"}],"curies":[{"name":"wp","href":"https:\/\/api.w.org\/{rel}","templated":true}]}}