{"id":885,"date":"2018-08-29T19:03:03","date_gmt":"2018-08-29T22:03:03","guid":{"rendered":"https:\/\/isfdyt93-bue.infd.edu.ar\/sitio\/perfil-del-egresado\/"},"modified":"2019-10-07T19:54:09","modified_gmt":"2019-10-07T22:54:09","slug":"perfil-del-egresado","status":"publish","type":"page","link":"https:\/\/isfdyt93-bue.infd.edu.ar\/sitio\/perfil-del-egresado\/","title":{"rendered":"Perfil del Egresado"},"content":{"rendered":"<h4 style=\"text-align: center;\"><strong><span style=\"color: #003366;\">\u00a0 \u00a0El Instituto Superior 93 busca que sus egresados sean capaces de insertarse en el mundo laboral y en los procesos productivos a partir una s\u00f3lida base cient\u00edfica, acad\u00e9mica y tecnol\u00f3gica, activando competencias y actitudes que garanticen un eficiente desempe\u00f1o\u00a0 profesional.<\/span><\/strong><\/h4>\n<h4 style=\"text-align: center;\"><strong><span style=\"color: #003366;\">\u00a0 \u00a0Se busca la formaci\u00f3n de recursos humanos capaces de ocupar la l\u00ednea media de empresas y organismos, y con su perspectiva de articulaci\u00f3n que permita proseguir estudios universitarios, respondiendo de manera eficaz y con un esp\u00edritu de compromiso \u00e9tico\u00a0 y social, a los incesantes desaf\u00edos que se presentan actualmente en el sector socio-productivo local y regional.<\/span><\/strong><\/h4>\n","protected":false},"excerpt":{"rendered":"<p>\u00a0 \u00a0El Instituto Superior 93 busca que sus egresados sean capaces de insertarse en el mundo laboral y en los procesos productivos a partir una s\u00f3lida base cient\u00edfica, acad\u00e9mica y tecnol\u00f3gica, activando competencias y actitudes que garanticen un eficiente desempe\u00f1o\u00a0 profesional. \u00a0 \u00a0Se busca la formaci\u00f3n de recursos humanos capaces de ocupar la l\u00ednea media &#8230; <a title=\"Perfil del Egresado\" class=\"read-more\" href=\"https:\/\/isfdyt93-bue.infd.edu.ar\/sitio\/perfil-del-egresado\/\" aria-label=\"More on Perfil del Egresado\">[+]<\/a><\/p>\n","protected":false},"author":102,"featured_media":0,"parent":0,"menu_order":0,"comment_status":"closed","ping_status":"closed","template":"","meta":[],"acf":[],"_links":{"self":[{"href":"https:\/\/isfdyt93-bue.infd.edu.ar\/sitio\/wp-json\/wp\/v2\/pages\/885"}],"collection":[{"href":"https:\/\/isfdyt93-bue.infd.edu.ar\/sitio\/wp-json\/wp\/v2\/pages"}],"about":[{"href":"https:\/\/isfdyt93-bue.infd.edu.ar\/sitio\/wp-json\/wp\/v2\/types\/page"}],"author":[{"embeddable":true,"href":"https:\/\/isfdyt93-bue.infd.edu.ar\/sitio\/wp-json\/wp\/v2\/users\/102"}],"replies":[{"embeddable":true,"href":"https:\/\/isfdyt93-bue.infd.edu.ar\/sitio\/wp-json\/wp\/v2\/comments?post=885"}],"version-history":[{"count":6,"href":"https:\/\/isfdyt93-bue.infd.edu.ar\/sitio\/wp-json\/wp\/v2\/pages\/885\/revisions"}],"predecessor-version":[{"id":1395,"href":"https:\/\/isfdyt93-bue.infd.edu.ar\/sitio\/wp-json\/wp\/v2\/pages\/885\/revisions\/1395"}],"wp:attachment":[{"href":"https:\/\/isfdyt93-bue.infd.edu.ar\/sitio\/wp-json\/wp\/v2\/media?parent=885"}],"curies":[{"name":"wp","href":"https:\/\/api.w.org\/{rel}","templated":true}]}}